, what is 8252153 - 4?
825214a
In base 3, what is 212222100 - 12210001?
200012022
In base 6, what is 14202 - -15545?
34151
In base 3, what is -2 + 1002000011101021?
1002000011101012
In base 10, what is 234579 - 1592?
232987
In base 10, what is -4 + -45289142?
-45289146
In base 10, what is -470048 + 4?
-470044
In base 4, what is 1312001023 - -3?
1312001032
In base 4, what is 11100 - 2133021?
-2121321
In base 7, what is -1010242 + -40?
-1010312
In base 16, what is a - -31776b?
317775
In base 5, what is -21240410111 - 3?
-21240410114
In base 8, what is 11126 + -15601?
-4453
In base 2, what is -1100010100010 + 11001111101101010?
11000011011001000
In base 13, what is 172 - 15824?
-15682
In base 12, what is 2 + 815502?
815504
In base 2, what is -111010 + 10010000011010011001100?
10010000011010010010010
In base 14, what is 57b17c + 2c?
57b1aa
In base 6, what is 32 + 50141322?
50141354
In base 5, what is -1241032143 - 2?
-1241032200
In base 15, what is -3155b + -51?
-315ac
In base 2, what is -11100 + -10110101111010001111110?
-10110101111010010011010
In base 15, what is -d1b12 - 22?
-d1b34
In base 16, what is ed + -8bf5?
-8b08
In base 8, what is 3175 + 1523?
4720
In base 16, what is 158b + -3d50?
-27c5
In base 10, what is -17467 + -31833?
-49300
In base 6, what is 11513 - 5213?
2300
In base 8, what is 64424 - 1765?
62437
In base 2, what is -111010011 + -1000001111?
-1111100010
In base 12, what is -24208419 - 1?
-2420841a
In base 12, what is -30158 - -3a?
-3011a
In base 16, what is 38a1c9 + 42?
38a20b
In base 12, what is 97b2638 - 1?
97b2637
In base 2, what is 11100110010011111111100100 - 0?
11100110010011111111100100
In base 16, what is -189 + e97a?
e7f1
In base 7, what is -5324214 + 36?
-5324145
In base 7, what is 151125511 + 102?
151125613
In base 12, what is 3 - -a586049?
a586050
In base 4, what is -10022233 + -3123221?
-13212120
In base 14, what is -33 - -da853?
da820
In base 8, what is -6 + -264325723?
-264325731
In base 12, what is 50947 + 24a?
50b95
In base 11, what is 9505a08a - 5?
9505a085
In base 10, what is -7 + -54530815?
-54530822
In base 9, what is 37471 + -153?
37317
In base 14, what is -71 + -10d7b?
-1100c
In base 8, what is -21 - -17313764?
17313743
In base 5, what is -2 + -3313342012?
-3313342014
In base 11, what is -a32992 + 11?
-a32981
In base 6, what is -30342033 - 32?
-30342105
In base 4, what is 1231311 + 30311?
1322222
In base 7, what is 5 + -55036060?
-55036052
In base 9, what is -42 - -2072067?
2072025
In base 5, what is 41104 + -4331?
31223
In base 9, what is -476 + 2601565?
2601078
In base 15, what is 492 + b5a40?
b5ed2
In base 8, what is -5 + -101271764?
-101271771
In base 9, what is 24 + 721052?
721076
In base 9, what is 36750 - 141?
36608
In base 4, what is -22020 - -310300333?
310212313
In base 10, what is 0 - 233328745?
-233328745
In base 3, what is -100 + 100021100010011012?
100021100010010212
In base 7, what is 3066 + 30660?
34056
In base 12, what is -1 - -5ba5612?
5ba5611
In base 10, what is 2 + 1418887?
1418889
In base 6, what is 11 - -3315133?
3315144
In base 16, what is -2cd - -422b?
3f5e
In base 7, what is -1456100554 - 0?
-1456100554
In base 12, what is 1b614 + -1ba?
1b416
In base 12, what is 2521937 + 21?
2521958
In base 3, what is -2 + 1020220001112001?
1020220001111222
In base 8, what is -74055 + -4123?
-100200
In base 10, what is 1 - -2315210?
2315211
In base 7, what is -413 + -13410522?
-13411235
In base 3, what is 22002 + -100012012002011?
-100012011210002
In base 10, what is -5827 - 59205?
-65032
In base 9, what is 1 + -224653?
-224652
In base 2, what is 100011101110111011101 + -1100?
100011101110111010001
In base 15, what is 1 - 2c2bab3?
-2c2bab2
In base 15, what is -590b0d + 3?
-590b0a
In base 12, what is -11bb87 - -543?
-11b644
In base 15, what is -8b442 - -db?
-8b356
In base 8, what is 3 - 4017504?
-4017501
In base 15, what is 30ad6a + e?
30ad79
In base 15, what is -439 - b88d?
-bcc7
In base 5, what is -313114 + -1101?
-314220
In base 4, what is 21 - -103122321321?
103122322002
In base 8, what is -530132 + 174?
-527736
In base 12, what is -44 - 9a4a0?
-9a524
In base 3, what is -10 + -10112121122100?
-10112121122110
In base 16, what is -151 - -431ba?
43069
In base 2, what is -10000100010010100011011 - 0?
-10000100010010100011011
In base 6, what is 4 - -130250530?
130250534
In base 12, what is -730 + -6794?
-7304
In base 10, what is -2365 - -14439?
12074
In base 12, what is -830b99b - 2?
-830b9a1
In base 14, what is -228b6b + -16?
-228b83
In base 8, what is 5112352 + -20?
5112332
In base 16, what is 397d + 186f?
51ec
In base 5, what is 13 + -4103403?
-4103340
In base 11, what is 192aa + 1297?
1a596
In base 15, what is 69 + -ee6?
-e7c
In base 16, what is -c1 + -2b580?
-2b641
In base 9, what is -1888 + 5762?
3763
In base 10, what is -12049 + 384?
-11665
In base 9, what is 124545 + 0?
124545
In base 4, what is -10 + 1321012110?
1321012100
In base 6, what is 2405540 + 102?
2410042
In base 2, what is 1 - 110001010000010110010000?
-110001010000010110001111
In base 4, what is 21 + -3023101232022?
-3023101232001
In base 14, what is -4c67 - 120?
-4d87
In base 7, what is -201133 + 4041?
-164062
In base 14, what is -1b45 + -186?
-1ccb
In base 11, what is 5 - 29a01916?
-29a01911
In base 12, what is 67b5a1 - -44?
67b625
In base 14, what is -1 + db4459d?
db4459c
In base 16, what is 1 + 3d4353?
3d4354
In base 12, what is 10a - -2b964?
2ba72
In base 4, what is -11 - 1121112022300?
-1121112022311
In base 4, what is 12120 - -3231330033?
3232002213
In base 10, what is -2 + -659588?
-659590
In base 7, what is 45403 + 6053?
54456
In base 12, what is 2a9 + -28582?
-28295
In base 15, what is 237c717c + 0?
237c717c
In base 5, what is 3234424033 + 4?
3234424042
In base 6, what is -102413515 - -3?
-102413512
In base 6, what is -3000 + -134320?
-141320
In base 14, what is -34 + a979?
a945
In base 3, what is -11100000 - -20110202?
2010202
In base 7, what is 11 - 22030551?
-22030540
In base 13, what is -3c + -c1cc8b?
-c1ccca
In base 8, what is 2150415 - 15?
2150400
In base 10, what is -4 + 45805732?
45805728
In base 13, what is 2 + -227750c?
-227750a
In base 9, what is -285 - 2134421?
-2134716
In base 9, what is 2220068 - -218?
2220287
In base 8, what is -10547 + -11406?
-22155
In base 4, what is 11101 - -12101221?
12112322
In base 14, what is 4c - -5d0ca?
5d138
In base 14, what is 74ad0 + -19d8?
730d6
In base 15, what is -3d + 488a42?
488a04
In base 10, what is -9374 - 1041?
-10415
In base 15, what is -4a2c + b64?
-3db8
In base 15, what is -e193 - 359?
-e4ec
In base 11, what is -24a15 + 5753?
-1a272
In base 5, what is -34234121 - -40?
-34234031
In base 13, what is 3735c3 + -23?
3735a0
In base 8, what is 610 + 21261?
22071
In base 12, what is 136866218 + -2?
136866216
In base 10, what is 7 - -67964722?
67964729
In base 8, what is -33262 + 44534?
11252
In base 5, what is 223243 - -1121?
224414
In base 15, what is -3 + 1a49c0?
1a49bc
In base 16, what is -d8 - 6c061?
-6c139
In base 6, what is -1 - -10310333?
10310332
In base 8, what is 32 + 3613322?
3613354
In base 8, what is 460337060 - -1?
460337061
In base 14, what is 2 - -870bbc?
870bc0
In base 4, what is 20102 - -12011?
32113
In base 5, what is -32010332400 - -13?
-32010332332
In base 6, what is -15 + -3245413100?
-3245413115
In base 11, what is 162049094 + 4?
162049098
In base 10, what is -6314349 + -2?
-6314351
In base 5, what is 2033 - 2214?
-131
In base 14, what is -2d567 + 93?
-2d4b4
In base 6, what is 4145423053 - -5?
4145423102
In base 11, what is -1 - 279672?
-279673
In base 12, what is -60143 - -154?
-5bbab
In base 11, what is 4 - -8760065?
8760069
In base 9, what is 3236844 + 253?
3237207
In base 15, what is -5b4 - -6d9?
125
In base 13, what is -3 - -12b6b7?
12b6b4
In base 13, what is 236294 - 123?
236171
In base 16, what is 26ceb + 17?
26d02
In base 7, what is -50 - 531043?
-531123
In base 16, what is -3 + -46f5420?
-46f5423
In base 4, what is 110 - -10220221220?
10220221330
In base 10, what is 8828 + 761?
9589
In base 15, what is -14 + -553e94?
-553ea8
In base 8, what is 366733214 - 5?
366733207
In base 7, what is -653214 + -102?
-653316
In base 10, what is -48991 + 3594?
-45397
In base 16, what is -13716d + -2d?
-13719a
In base 13, what is -c47702a1 - -5?
-c477